*l + 4*v - 30720, 113448 - 36675 = -5*l + v. Is (l/27)/((-2)/15) prime?
False
Suppose -82*u = -85*u + 9. Suppose -262 + 20 = -2*d. Suppose 6*a - 3 = u*a, 3*a = 4*h - d. Is h composite?
False
Let h(v) = -18*v + 943. Is h(0) composite?
True
Suppose 3*y + 6 = 0, 0 = 3*h + 21*y - 18*y - 9045. Is h a composite number?
True
Let p(t) = 1804*t**2 + 3*t - 44. Is p(5) prime?
False
Suppose 16 = 2*r + 3*r - 3*f, 4*f = 4*r - 16. Suppose 4*b - 52 = r*b. Is 0 + b*(-44)/(-8) composite?
True
Let k(r) = 4*r**3 - 18*r**2 - 18*r - 12. Let t(a) = -3*a**3 + 19*a**2 + 18*a + 11. Let g(u) = -4*k(u) - 5*t(u). Is g(-25) a prime number?
True
Let i = -2 - -7. Let g = i + 4. Suppose m = -g + 62. Is m a prime number?
True
Let k(w) = -7448*w + 82. Is k(-3) composite?
True
Let b = 40 - 13. Let i be 129/b - 6/(-27). Suppose 4*c + u - 229 = 2*c, i*c = -4*u + 571. Is c a composite number?
True
Let g(x) = x**2 + 10*x + 3809. Let k be g(0). Let b = k - 2140. Is b a prime number?
True
Let x(v) = -3*v**3 + 3*v**2 - 6*v - 10. Let z be x(-9). Suppose 3*b - z = 3217. Is b composite?
True
Suppose 3*a = -30 + 75. Is (2935/a)/(-2 + 14/6) a composite number?
False
Suppose 7*f = -5*f + 24. Is 9324/16 - f/(-8) a prime number?
False
Is (812/(-56))/((-2)/844) a composite number?
True
Let j = -31 - -22. Suppose -3*g + w = -74, -2*w = -4*g + 65 + 37. Let l = g + j. Is l a prime number?
False
Suppose 4*y = -3*n - 7 - 2, -3 = -3*y + n. Suppose y = 4*c - c - 12. Suppose g = 2*q + 105, -328 - 64 = -c*g + q. Is g prime?
True
Let b = -1094 - 3496. Is b/(-8) + (-12)/16 a composite number?
True
Suppose 0 = 4*f + 3 + 5. Let a be 110/7 + (-6)/(-21). Is ((-1016)/a)/(1/f) a prime number?
True
Suppose 2*z + 3*z + 4*v = -60, -5*v - 60 = 5*z. Let y be 170/(-8) - 1/(-4). Let o = z - y. Is o a prime number?
False
Suppose -3*u = 2*u. Suppose -s = -u*s - 188. Let n = s + -25. Is n composite?
False
Let z(j) be the second derivative of 29*j**5/20 + j**4/12 - j**3/6 - j**2/2 + 6*j. Let g be z(2). Suppose -3*r + 2*u = -g, 0 = -r + u - 18 + 96. Is r composite?
True
Suppose 2*x + 3*j - 24 = 0, -x - x = 2*j - 20. Suppose -11 = -n + 5*i, 3 + 18 = 3*n - 3*i. Suppose n*f - x = 4*f. Is f composite?
False
Suppose 3*f - 20 = 4. Let t = f + -3. Suppose 4*v = t*h + 2094, -5*h = -2*v + 3*v - 536. Is v composite?
True
Let m = 1053 - 404. Is m a composite number?
True
Suppose 3*u - u = -24. Let c be -4 + 4/(u/(-9)). Is c - (-3 + (-166 - 1)) a prime number?
False
Let j = 2 - 3. Let k(r) = 4*r**2 - 1. Let f be k(j). Suppose -4*y + 1182 = f*l - l, 4*l = 3*y - 881. Is y composite?
True
Suppose -3*f + 76 = -2591. Is f prime?
False
Let m = -121 + 216. Suppose -f + 5*f - m = -n, 2*n + 10 = 0. Let i = 122 - f. Is i prime?
True
Let s = -41 + 16. Is 2 - s/(-5) - -88 a composite number?
True
Suppose -50*p = -44*p - 858. Is p a prime number?
False
Let n = -632 - -397. Suppose -57*l + 588 = -50*l. Let w = l - n. Is w composite?
True
Suppose -h = h + 3*l - 106, 3*h - 2*l = 159. Suppose -4*n - h = -t, 5 - 46 = -2*t - 5*n. Is t a composite number?
True
Let t(j) = -j**2 - 8*j - 4. Let p be t(-3). Suppose p*o + 0*o = 5137. Is o composite?
False
Suppose 3 = -3*u + 18, -4*z + 583 = 3*u. Is z a composite number?
True
Let g(j) = -4*j**2 + 19*j**2 - 7 - 3*j + 18*j. Is g(-13) prime?
True
Let r(k) = 29*k**2 + 35*k - 41. Let h = -162 + 175. Is r(h) a prime number?
False
Let k be (-14)/49 - (-46)/14. Suppose y + y = k*z - 1813, -3*y + 1818 = 3*z. Suppose -3*p = 2*p - z. Is p a prime number?
False
Is (30/(-20) - 3/6) + 47131 prime?
True
Suppose 35*r = 19*r + 380848. Is r prime?
False
Let p = -89 - -92. Suppose -3 = -p*h, 2*h = c + 2*c - 4141. Is c a composite number?
False
Let c(j) = -17*j**2 + 4*j - 4. Suppose 0 = 3*s - h - 6, 0*h = 5*s - 3*h - 6. Let u be c(s). Let v = u + 204. Is v prime?
True
Is (-13)/((-78)/6120) + -2 prime?
False
Let u(v) = -249*v - 10. Is u(-9) a prime number?
False
Let r(m) = -77*m. Let w(i) = -i**3 + 3*i**2 + 3*i + 2. Let t be w(4). Let f be r(t). Suppose 2*g = -2*q + f, g - q + 308 = 5*g. Is g a prime number?
False
Suppose 0 = -4*f - 2*y - 5708, -3*y - 7146 = 5*f - 6*y. Let h = f + 2263. Is h prime?
False
Let a = -18 + 13. Let f(k) = 21*k**2 + 2*k - 4. Let p be f(a). Let q = 734 - p. Is q composite?
False
Is (-3)/(-27) - (-8276784)/108 prime?
False
Is 13820 - (-57 - -12)/(-5) a prime number?
False
Let k(a) = a**3 - 8*a**2 - 8*a - 9. Let u be k(9). Suppose 0 = -5*q + z + 24, -q + 4*z - 3*z + 8 = u. Let c(f) = 99*f - 5. Is c(q) a prime number?
False
Let h(u) = 11*u**2 + 2*u - 4. Let m be h(4). Suppose 5*f = 4*o + f - 768, m = o + 2*f. Suppose -3*d - 29 = -o. Is d prime?
True
Let h(y) = 71*y**2 - 23*y + 31. Is h(8) prime?
True
Suppose -5*t - 6 = -2*j, 9 + 3 = -3*j - 3*t. Let z = 6 + j. Suppose -z*a + 6*a = 8. Is a prime?
False
Let n(a) = -a**2 + a + 491. Let p(q) = q**3 - 2*q**2 - 2. Let g be p(2). Let x(m) = m**2 + m - 2. Let u be x(g). Is n(u) a composite number?
False
Let o be (9 - -27)*(-6)/(-4). Suppose p + 3*c - 68 = 5*p, 3*c = 3*p + o. Is 7/p - (-358)/4 a composite number?
False
Is -2 + 14484 + (17 - 10) a prime number?
True
Let z = 68 - 46. Suppose 2*p = 640 + z. Is p composite?
False
Suppose -2*w = -4*j + w - 1103, 3*j + 4*w = -796. Let s = j + 391. Is s prime?
False
Suppose -b = b + u - 2, 0 = 3*b - 4*u + 8. Suppose z + 1400 = 3*v - b*z, 5*z = 5*v - 2330. Is v a composite number?
False
Suppose d + 4*d = 50. Suppose 0*m + 2*m - 3*k = 16, k = m - d. Let w(q) = -q**3 + 14*q**2 + 2*q - 6. Is w(m) prime?
False
Suppose 6*a - 2*a - 400 = 0. Let u = 227 - a. Is u prime?
True
Let m = -9 + 12. Let a(d) = -d**2 + 2*d + 13. Let i be a(m). Suppose i*n - 13*n + 246 = 0. Is n a prime number?
False
Let p(v) = 11399*v**2 + 8*v + 40. Is p(-3) a prime number?
True
Let c = 489 + 17168. Is c prime?
True
Suppose 3*p - 4*j - 33 = 0, 2*p - j = -6*j + 45. Suppose 2*x + d - p = 0, 11 = 2*x + 2*d - 7. Suppose 0 = -4*o + 5*y + 734, x*o - o = 3*y + 911. Is o prime?
True
Let k(y) = 92*y**2 + 5*y + 3. Let g be k(3). Is (-5 - g)/(-2 + 1) a composite number?
True
Suppose -658953 = -38*v + 108761. Is v prime?
False
Let i(r) = 5*r**3 + 16*r**2 + r - 5. Let h(t) = t**3 - t + 1. Let m(x) = -6*h(x) + i(x). Is m(10) a prime number?
True
Let a(r) = -822*r + 113. Is a(-33) composite?
False
Suppose 0 = 2*p - 6 - 0. Suppose 3*a - 27 = p. Is a a composite number?
True
Suppose -30*u + 29*u = -1271. Is u a composite number?
True
Let f be (69/(-12))/((-2)/8). Let p = 21 - f. Is (-117 - -4)*(p + 1) a prime number?
True
Is 0 - (1 + (-2)/4)*-3314 a composite number?
False
Let z = 93459 - -19520. Is z composite?
False
Suppose 0 = 4*s - 37618 - 45954. Is s composite?
True
Let p(h) = 2*h**3 - 19*h**2 + 18*h + 242. Is p(29) a composite number?
False
Suppose -2*p - b + 0*b = -36465, 4*p + 5*b = 72921. Let t = -11769 + p. Suppose -4*d = -t + 1117. Is d prime?
False
Let j be (2 - 2) + (8 - -1). Let g be ((-2127)/j)/((-2)/6). Suppose 100 - g = -3*f. Is f composite?
True
Let r = 35 - 31. Let q(n) = 14*n**2 - 3*n - 2. Let d be q(r). Suppose -4*a - 5*z + 202 = 0, 4*z = -4*a + 3*z + d. Is a a prime number?
True
Let f(u) = 7*u**3 - 27*u**2 - 2*u - 3. Is f(8) a prime number?
False
Let s = -11703 - -23846. Is s composite?
False
Let q(y) = y + 7. Let o be q(-5). Suppose 5*a - o*w = 2095, w = -4*w. Is a a prime number?
True
Let a = -15 - -19. Suppose a*f - 124 = -2*n, 4*n = -3*f + 6*f + 270. Is (-182)/(-21)*n/4 composite?
True
Let o = -4100 + 5804. Suppose -3*n + 1729 = -2*d, -3*n - 3*d + o = -0*d. Is n composite?
True
Suppose 2*s - 354 = -2*f, -f + s = 5*s - 177. Suppose d = 905 + f. Is d prime?
False
Let j(s) = 354*s**2 + 3*s - 2. Let a be j(2). Let f be 2*5*(-10)/(-25). Suppose -a + 192 = -f*r. Is r a composite number?
False
Let s = 2960 + -1417. Is s a composite number?
False
Suppose 5*c + 2*f + 3 = 0, -3*c + 6*c = -4*f + 1. Let v(j) = 3 + 2*j + 11 - 184*j**2 + 820*j**2 - 13. Is v(c) a composite number?
True
Let m be 0 + (-1 - 3) + 2. Let k be (-66)/(-18) + m/(-6). Let h(n) = 5*n**3 - 3*n**2 - 3*n + 5. Is h(k) prime?
False
Let x(k) be the second derivative of k**6/40 - k**5/30 - k**4/24 + 5*k**3/6 + 5*k**2/2 - 10*k. Let y(w) be the first derivative of x(w). Is y(4) a prime number?
False
Suppose -17*f - f = -42732. Is f prime?
False
Let i(d) = -d**3 + 7*d**2 + 8*d + 3. Let v be i(8)